134
Let q(f) = -f**3 + 22*f**2 - 125*f + 166. Determine q(14).
-16
Let d(z) = -z**3 + 36*z**2 - 66*z - 13. Give d(34).
55
Let p(s) = -77*s - 75. Give p(3).
-306
Let z(f) = -6*f - 241. Give z(-34).
-37
Let l(r) = -14*r + 251. What is l(29)?
-155
Let v(l) = -l**3 + 48*l - 107. Give v(2).
-19
Let b(y) = -1721*y + 3545. What is b(2)?
103
Let r(h) = h**2 - 125*h + 1046. What is r(10)?
-104
Let n(s) = s**3 - 117*s**2 + 773*s - 26. Calculate n(7).
-5
Let m(v) = -3*v**3 + 23*v**2 + 7*v + 7. What is m(8)?
-1
Let g(y) = y**3 - 7*y**2 - 732*y + 37. Give g(-24).
-251
Let n(w) = -w**3 - 31*w**2 + 353*w - 278. What is n(-40)?
2
Let p(m) = -m**2 - 28*m - 12. Determine p(-9).
159
Let x(n) = -77*n + 9081. Determine x(118).
-5
Let k(n) = -1294*n + 34874. Calculate k(27).
-64
Let d(j) = j**3 + 11*j**2 + 5*j - 43. Calculate d(-10).
7
Let d(w) = 2*w**2 + 85*w - 122. Calculate d(-42).
-164
Let n(h) = h**3 - 9*h**2 + 20*h - 99. Give n(6).
-87
Let k(b) = 3*b**2 + 3*b - 10. Determine k(1).
-4
Let f(s) = -2*s - 138. Calculate f(-72).
6
Let x(z) = 148*z**2 + 17*z - 19. What is x(2)?
607
Let q(i) = i**2 + 35*i - 452. What is q(10)?
-2
Let v(x) = -4582*x + 4584. Give v(1).
2
Let x(w) = -w**2 + 24*w + 166. What is x(31)?
-51
Let c(m) = -m**2 - 34*m - 112. What is c(-33)?
-79
Let u(x) = 13*x - 11. Determine u(-4).
-63
Let g(c) = c**2 - 74*c - 612. Give g(-7).
-45
Let a(h) = 3*h**2 + 3*h - 69. What is a(4)?
-9
Let k(u) = -62*u - 1782. Calculate k(-29).
16
Let m(h) = 3*h**2 - 31*h + 63. Give m(11).
85
Let w(u) = -u**2 - 44*u - 421. Give w(-16).
27
Let x(q) = -q**2 - 33*q + 81. What is x(-37)?
-67
Let w(z) = 2*z**2 + 57*z + 72. Calculate w(-26).
-58
Let s(y) = 9*y**2 + 37*y - 4. Calculate s(6).
542
Let j(h) = 38*h + 224. Give j(-6).
-4
Let d(q) = -q**3 + q**2 - 65*q - 443. Calculate d(-5).
32
Let j(a) = 10*a - 263. Calculate j(17).
-93
Let t(v) = -v**2 - 155*v + 14011. Determine t(64).
-5
Let j(s) = 6*s**2 - 739*s + 119. What is j(123)?
-4
Let y(b) = b**3 + 12*b**2 + 31*b + 5. What is y(-4)?
9
Let g(j) = -j**3 - 51*j**2 - 143*j + 19. Calculate g(-48).
-29
Let u(l) = -l**3 - 3*l**2 + 58*l + 245. Determine u(-7).
35
Let t(c) = c**3 - 61*c**2 - 136*c + 627. Calculate t(63).
-3
Let x(y) = -81*y + 30. What is x(0)?
30
Let c(i) = 559*i - 1747. What is c(3)?
-70
Let d(o) = 95*o - 80. Determine d(2).
110
Let s(c) = c**3 - 44*c**2 - 95*c + 151. Calculate s(46).
13
Let a(d) = -10*d**2 - 233*d + 162. Give a(-24).
-6
Let u(d) = 128*d - 1396. What is u(11)?
12
Let m(d) = -18*d**2 - 76*d - 2. Give m(-4).
14
Let r(c) = c**3 - 4*c**2 + 13*c - 31. Determine r(6).
119
Let g(k) = -3*k**2 - 14*k + 15. Calculate g(1).
-2
Let n(b) = -162*b**2 + 25*b + 25. Calculate n(-1).
-162
Let a(z) = z**3 + 33*z**2 - 567*z - 7938. Calculate a(-42).
0
Let d(f) = -578*f - 5214. Give d(-9).
-12
Let l(y) = -2*y**3 + 58*y**2 - 401*y - 14. Calculate l(13).
181
Let b(x) = 10*x + 487. What is b(-22)?
267
Let k(a) = a**3 + 9*a**2 - 4*a - 26. Calculate k(-7).
100
Let i(a) = -18*a + 256. Determine i(5).
166
Let a(l) = 4*l**2 + 127*l + 45. Determine a(-31).
-48
Let g(z) = 3*z**2 - 268*z + 549. Calculate g(87).
-60
Let u(c) = c**3 - c**2 - 3*c - 17. Give u(4).
19
Let v(f) = f**2 + 51*f + 556. What is v(-16)?
-4
Let o(s) = 7*s**3 - 115*s**2 + 45*s + 38. Give o(16).
-10
Let a(i) = -48*i + 6347. Calculate a(132).
11
Let j(g) = g**3 + 17*g**2 + 3*g - 202. What is j(-16)?
6
Let g(c) = -15*c + 244. What is g(0)?
244
Let z(m) = m**2 - 3*m - 44. What is z(-10)?
86
Let h(g) = 2*g**2 - 138*g - 427. Calculate h(72).
5
Let r(p) = -p**3 + 21*p**2 - 16*p - 13. What is r(7)?
561
Let n(a) = -a + 18. Give n(-1).
19
Let z(y) = -2*y**3 - 30*y**2 + 15*y - 272. Determine z(-16).
0
Let t(y) = y**3 + 11*y**2 + 29*y + 9. What is t(-7)?
2
Let i(m) = -8*m**2 - 1482*m + 1099. Give i(-186).
-17
Let p(s) = -90*s + 3813. Determine p(42).
33
Let b(a) = 3*a**3 - 152*a**2 - 56*a + 258. Calculate b(51).
3
Let u(n) = n**3 + 22*n**2 - 49*n + 4. Determine u(-24).
28
Let l(t) = t**2 + 1312*t + 210384. Give l(-187).
9
Let j(u) = u**2 + 454*u + 19837. What is j(-49)?
-8
Let r(b) = -6*b**2 + 25*b - 14. Give r(5).
-39
Let i(d) = -d**2 - 69*d - 71. Determine i(-1).
-3
Let p(i) = 27*i - 229. What is p(11)?
68
Let t(y) = -y**3 - 15*y**2 - 43*y + 20. Give t(-11).
9
Let g(r) = -r**3 - 24*r**2 + 22*r + 107. Determine g(-24).
-421
Let n(j) = -17*j**3 - 3*j**2 - 4*j - 2. Give n(-1).
16
Let c(l) = l**3 + 83*l**2 + 854*l + 38. Calculate c(-12).
14
Let j(s) = -2*s**2 - 626*s + 8476. Determine j(-326).
0
Let r(x) = -52*x + 404. Determine r(8).
-12
Let n(s) = -16*s**2 + 67*s + 69. What is n(5)?
4
Let f(w) = -4*w**3 - 54*w**2 + 87*w - 23. Determine f(-15).
22
Let u(c) = -7*c**2 - 131*c - 298. Determine u(-16).
6
Let l(v) = 27*v + 69. Calculate l(-3).
-12
Let a(p) = -4*p**2 + 326*p - 151. What is a(81)?
11
Let f(m) = -2*m**2 - 19*m + 18. Calculate f(-10).
8
Let d(m) = -527*m - 2647. Calculate d(-5).
-12
Let l(g) = g**2 - 29*g - 523. Calculate l(-12).
-31
Let t(r) = r**2 - 124*r - 639. Give t(-5).
6
Let j(n) = -32*n - 223. Calculate j(-9).
65
Let c(q) = -3*q**2 + 266*q + 21564. What is c(140)?
4
Let u(k) = -2*k**2 + k + 5. Determine u(3).
-10
Let m(n) = -n**2 - 7*n - 50. Calculate m(0).
-50
Let u(a) = a**3 - 10*a**2 + 2*a - 3. Give u(7).
-136
Let m(g) = -g**2 - 38*g + 2477. Calculate m(-72).
29
Let t(h) = -6*h + 140. Give t(22).
8
Let v(n) = 12*n - 52. Calculate v(2).
-28
Let r(w) = -w**2 - 57*w - 534. Determine r(-45).
6
Let y(c) = -34*c - 204. What is y(-8)?
68
Let t(q) = -312*q + 2791. Calculate t(9).
-17
Let o(m) = 64*m**2 + 333*m + 9. Calculate o(-5).
-56
Let m(p) = -89*p - 3800. What is m(-42)?
-62
Let j(c) = -c**3 - 113*c**2 - 111*c + 134. What is j(-112)?
22
Let c(g) = 32*g**2 + 58*g + 12. Calculate c(-2).
24
Let y(i) = 22*i**2 - 14*i + 118. Determine y(5).
598
Let m(f) = 33617*f + 504264. Give m(-15).
9
Let w(r) = 4*r**3 + 3*r**2 - 14*r - 15. Give w(-1).
-2
Let l(q) = -q**3 + 14*q**2 - 4*q - 115. Calculate l(13).
2
Let v(c) = -c**2 - 136*c + 3043. What is v(20)?
-77
Let f(g) = 99*g**3 - 3*g**2 - 153*g + 155. What is f(1)?
98
Let i(h) = 279*h + 11. Calculate i(-1).
-268
Let l(n) = -12043*n + 132473. Calculate l(11).
0
Let o(u) = -u**3 + 17*u**2 - 75*u + 162. What is o(12)?
-18
Let h(d) = d**2 + 69*d + 551. Give h(-60).
11
Let t(q) = 8723*q - 69780. Give t(8).
4
Let z(o) = 137*o - 439. Determine z(3).
-28
Let j(z) = 5*z**2 - 29*z + 54. Determine j(8).
142
Let n(y) = 114*y - 2156. What is n(19)?
10
Let k(u) = 74*u - 449. What is k(6)?
-5
Let i(d) = 5*d**2 - 11*d - 20. Give i(10).
370
Let x(w) = 4*w - 97. Determine x(33).
35
Let q(i) = i**3 - 17*i**2 - 113*i + 68. What is q(22)?
2
Let o(g) = 34*g**2 - 11*g + 9. What is o(1)?
32
Let j(d) = 2*d**3 + 3*d**2 + 14*d - 11. Determine j(4).
221
Let h(b) = -15*b + 70. What is h(19)?
-215
Let u(o) = 100*o - 21623. Give u(216).
-23
Let s(u) = u**3 + 3*u**2 + 5*u - 1. What is s(-4)?
-37
Let o(a) = a**3 - 94*a**2 + 209*a - 2318. Give o(92).
-18
Let l(a) = -53*a + 141. Calculate l(4).
-71
Let a(z) = -4*z**2 + 28*z - 88. Give a(5).
-48
Let i(z) = -z**2 - 9*z + 14. Determine i(0).
14
Let x(c) = -3*c**3 + 7*c**2 - 3*c + 9. What is x(-4)?
325
Let r(v) = -v**2 - 17*v + 15. What is r(-18)?
-3
Let d(b) = -3566*b - 7129. Calculate d(-2).
3
Let o(u) = 2*u**2 + 29*u - 10480. Calculate o(-80).
0
Let l(n) = -212*n - 12720. Calculate l(-60).
0
Let l(o) = 43*o + 224. What is l(-5)?
9
Let u(j) = -12*j**3 - 44*j**2 - 76*j - 370. Give u(-4).
-2
Let b(u) = -119*u - 2501. Calculate b(-21).
-2
Let h(q) = -8*q**2 - 81*q + 377. What is h(5)?
-228
Let k(a) = a**3 - 6*a**2 - 99*a + 17. Determine k(13).
-87
Let b(t) = t**3 - 17*t**2 + 34*t + 28. Calculate b(11).
-324
Let s(x) = -x**3 - 5*x**2 - 6*x + 2. Calculate s(-4).
10
Let x(u) = u**2 - 148*u - 6236. What is x(-34)?
-48
Let f(u) = -u**2 - 4*u - 12. What is f(-5)?
-17
Let v(s) = -2*s**3 + 22*s**2 + 28*s + 12. Calculate v(12).
60
Let t(x) = x**3 - 20*x**2 + 182*x - 4970. Give t(22).
2
Let p(a) = 605*a - 3607. Calculate p(6).
23
Let q(x) = 51*x**3 + 5*x**2 + 26*x - 30. Give q(1).
52
Let r(b) = b**3 - 17*b**2 + 31*b + 7. Give r(16).
247
Let f(a) = a**3 + 12*a**2 + 19*a + 201. Determine f(-12).
-27
Let d(t) = -1121*t + 15695. What is d(14)?
1
Let s(o) = 14*o - 152. Calculate s(24).
184
Let o(g) = g**2 - 125*g 